rs of 253541082.
2, 3, 53, 149, 5351
List the prime factors of 323368582.
2, 53, 271, 11257
What are the prime factors of 608972976?
2, 3, 4228979
What are the prime factors of 76157923?
89, 149, 5743
What are the prime factors of 515504404?
2, 101, 1276001
What are the prime factors of 1889470451?
11, 171770041
List the prime factors of 439031067.
3, 146343689
List the prime factors of 1512793054.
2, 269, 2811883
List the prime factors of 666354196.
2, 1621, 102769
List the prime factors of 164351857.
164351857
What are the prime factors of 473706637?
1321, 358597
List the prime factors of 742821435.
3, 5, 19, 37, 2609
What are the prime factors of 3692137047?
3, 1230712349
What are the prime factors of 164024249?
1483, 110603
List the prime factors of 855465297.
3, 71, 4016269
List the prime factors of 40873552.
2, 1361, 1877
List the prime factors of 6063114748.
2, 1515778687
What are the prime factors of 107535095?
5, 211, 101929
List the prime factors of 1456195282.
2, 17, 2519369
What are the prime factors of 126095895?
3, 5, 2802131
What are the prime factors of 85680005?
5, 17136001
List the prime factors of 994756315.
5, 7, 137, 207457
List the prime factors of 52441750.
2, 5, 209767
What are the prime factors of 12086834?
2, 6043417
What are the prime factors of 14726212?
2, 3681553
List the prime factors of 97808151.
3, 7, 379, 12289
What are the prime factors of 1950862897?
17, 4091, 28051
What are the prime factors of 2047374618?
2, 3, 9817, 34759
List the prime factors of 4566954598.
2, 149, 359, 42689
List the prime factors of 76278713.
7, 53, 205603
What are the prime factors of 1188490986?
2, 3, 37, 419, 4259
List the prime factors of 40766885.
5, 103, 79159
What are the prime factors of 121790772?
2, 3, 3383077
List the prime factors of 81019591.
19, 29, 71, 109
What are the prime factors of 103728440?
2, 5, 2593211
List the prime factors of 31687859.
7, 23, 31, 907
List the prime factors of 108227019.
3, 36075673
List the prime factors of 1564669840.
2, 5, 89, 219757
List the prime factors of 1235610472.
2, 1867, 82727
What are the prime factors of 1238012374?
2, 19, 71, 458863
What are the prime factors of 1799654963?
43, 71, 589471
List the prime factors of 1689939799.
71, 137, 2447
List the prime factors of 6498499438.
2, 617, 5266207
List the prime factors of 4666421825.
5, 13, 487, 29483
What are the prime factors of 2914231390?
2, 5, 7, 5947411
List the prime factors of 42834432.
2, 3, 79, 353
List the prime factors of 7025098747.
50273, 139739
List the prime factors of 265214540.
2, 5, 19, 43, 16231
What are the prime factors of 3609240?
2, 3, 5, 19, 1583
What are the prime factors of 33959598?
2, 3, 151, 37483
List the prime factors of 939736113.
3, 41, 7640131
What are the prime factors of 181444275?
3, 5, 617, 1307
What are the prime factors of 158275442?
2, 13, 1699, 3583
What are the prime factors of 906866863?
7, 1097, 16871
List the prime factors of 94503499.
173, 546263
What are the prime factors of 6665213?
6665213
List the prime factors of 2009601420.
2, 3, 5, 547, 61231
List the prime factors of 391470950.
2, 5, 13, 67, 89, 101
List the prime factors of 2796016.
2, 37, 4723
What are the prime factors of 2431279403?
7, 47, 709, 1489
What are the prime factors of 1465692819?
3, 1747, 279659
What are the prime factors of 117608397?
3, 17, 43, 53629
What are the prime factors of 138915660?
2, 3, 5, 13, 313, 569
What are the prime factors of 159676354?
2, 101, 509, 1553
List the prime factors of 743504668.
2, 29, 6409523
What are the prime factors of 14631656?
2, 13, 140689
List the prime factors of 2439685828.
2, 609921457
List the prime factors of 139577981.
41, 3404341
What are the prime factors of 331858797?
3, 41, 853, 3163
What are the prime factors of 40359342?
2, 3, 23, 292459
What are the prime factors of 1690946061?
3, 7, 43, 1872587
List the prime factors of 512866837.
7, 3463, 21157
List the prime factors of 37217834.
2, 18608917
What are the prime factors of 664237358?
2, 332118679
List the prime factors of 3337584.
2, 3, 31, 2243
List the prime factors of 4219968073.
4219968073
What are the prime factors of 1415868884?
2, 2237, 158233
List the prime factors of 84572599.
47, 1799417
List the prime factors of 826086446.
2, 19, 23, 945179
What are the prime factors of 55699414?
2, 193, 144299
List the prime factors of 145238208.
2, 3, 17, 44497
List the prime factors of 112168034.
2, 11, 53, 96199
What are the prime factors of 38727873?
3, 71, 60607
What are the prime factors of 1947358534?
2, 11, 17, 5206841
List the prime factors of 191653150.
2, 5, 13, 43, 6857
List the prime factors of 1946006671.
7, 53, 5245301
What are the prime factors of 240304212?
2, 3, 2225039
What are the prime factors of 66961720?
2, 5, 7, 379, 631
List the prime factors of 1319485047.
3, 439828349
List the prime factors of 27984951.
3, 23, 135193
List the prime factors of 39717639.
3, 13, 339467
List the prime factors of 5395252.
2, 353, 3821
List the prime factors of 1937249039.
11, 29, 1667, 3643
What are the prime factors of 454027593?
3, 179, 845489
What are the prime factors of 295922515?
5, 7, 271, 4457
List the prime factors of 178140851.
7, 25448693
List the prime factors of 549091704.
2, 3, 7, 17, 192259
What are the prime factors of 848470431?
3, 103, 2745859
What are the prime factors of 1964073135?
3, 5, 130938209
What are the prime factors of 3003893830?
2, 5, 7, 42912769
List the prime factors of 3204285551.
331, 409, 23669
What are the prime factors of 200636076?
2, 3, 61, 274093
What are the prime factors of 663920013?
3, 221306671
What are the prime factors of 40159569?
3, 809, 16547
List the prime factors of 13573850.
2, 5, 401, 677
List the prime factors of 2993413050.
2, 3, 5, 2217343
List the prime factors of 108857612.
2, 19, 149, 9613
List the prime factors of 772353796.
2, 229, 843181
List the prime factors of 31171529.
59, 101, 5231
List the prime factors of 157165671.
3, 13, 71, 211, 269
What are the prime factors of 93378424?
2, 11672303
List the prime factors of 47595178.
2, 41, 157, 3697
List the prime factors of 546292699.
546292699
What are the prime factors of 49212497?
79, 622943
What are the prime factors of 78453976?
2, 73, 134339
List the prime factors of 1210869956.
2, 149, 197, 10313
List the prime factors of 2255240980.
2, 5, 131, 860779
What are the prime factors of 438533648?
2, 7, 3915479
What are the prime factors of 1693615653?
3, 31, 6070307
List the prime factors of 5149289120.
2, 5, 17, 401, 4721
List the prime factors of 309543785.
5, 61908757
What are the prime factors of 90621172?
2, 29, 781217
What are the prime factors of 921155429?
89, 1723, 6007
List the prime factors of 80314224.
2, 3, 29, 57697
List the prime factors of 6884736.
2, 3, 17929
What are the prime factors of 663780073?
11, 293, 205951
List the prime factors of 427105248.
2, 3, 59, 75407
List the prime factors of 155781865.
5, 31156373
List the prime factors of 464709385.
5, 7, 43, 44111
List the prime factors of 3754597396.
2, 11, 59, 1446301
What are the prime factors of 61351442?
2, 23, 83, 16069
List the prime factors of 260722593.
3, 59, 491003
What are the prime factors of 77417871?
3, 25805957
List the prime factors of 535965784.
2, 66995723
List the prime factors of 167854938.
2, 3, 27975823
List the prime factors of 9052032505.
5, 857, 2112493
What are the prime factors of 744724151?
17, 1877, 23339
List the prime factors of 516779390.
2, 5, 89, 337, 1723
What are the prime factors of 4875657360?
2, 3, 5, 7, 239, 12143
List the prime factors of 229925917.
13, 23, 768983
List the prime factors of 3351315930.
2, 3, 5, 111710531
What are the prime factors of 499264278?
2, 3, 103, 807871
What are the prime factors of 597445283?
751, 795533
What are the prime factors of 54383968?
2, 1699499
List the prime factors of 42581328.
2, 3, 17, 52183
List the prime factors of 36020182.
2, 11, 139, 11779
What are the prime factors of 1280163968?
2, 10001281
What are the prime factors of 4729937176?
2, 263, 2248069
List the prime factors of 75484088.
2, 9435511
What are the prime factors of 9726442?
2, 11, 19, 23269
List the prime factors of 3963439841.
3963439841
List the prime factors of 611971646.
2, 11, 